{"id":127,"date":"2026-01-21T14:51:50","date_gmt":"2026-01-21T17:51:50","guid":{"rendered":"http:\/\/raquelvolpi.arq.br\/?page_id=127"},"modified":"2026-02-21T09:52:23","modified_gmt":"2026-02-21T12:52:23","slug":"sobre","status":"publish","type":"page","link":"https:\/\/raquelvolpi.arq.br\/index.php\/sobre\/","title":{"rendered":"Sobre"},"content":{"rendered":"\n<div class=\"wp-block-group alignfull has-background-light-background-color has-background is-layout-constrained wp-container-core-group-is-layout-6 wp-block-group-is-layout-constrained\" style=\"padding-top:100px;padding-bottom:100px\">\n<div class=\"wp-block-columns is-layout-flex wp-container-core-columns-is-layout-1 wp-block-columns-is-layout-flex\">\n<div class=\"wp-block-column is-layout-flow wp-block-column-is-layout-flow\" style=\"flex-basis:40%\">\n<div class=\"wp-block-cover is-light has-custom-content-position is-position-bottom-left is-style-default\" style=\"margin-top:0;margin-bottom:40px;padding-bottom:20px;padding-left:0px;min-height:621px;aspect-ratio:unset;\"><span aria-hidden=\"true\" class=\"wp-block-cover__background has-background-dim-0 has-background-dim\" style=\"background-color:#b0967d\"><\/span><img loading=\"lazy\" decoding=\"async\" width=\"739\" height=\"1600\" class=\"wp-block-cover__image-background wp-image-202\" alt=\"\" src=\"https:\/\/raquelvolpi.arq.br\/wp-content\/uploads\/2026\/02\/WhatsApp-Image-2026-02-19-at-15.14.15.jpeg\" data-object-fit=\"cover\" srcset=\"https:\/\/raquelvolpi.arq.br\/wp-content\/uploads\/2026\/02\/WhatsApp-Image-2026-02-19-at-15.14.15.jpeg 739w, https:\/\/raquelvolpi.arq.br\/wp-content\/uploads\/2026\/02\/WhatsApp-Image-2026-02-19-at-15.14.15-139x300.jpeg 139w, https:\/\/raquelvolpi.arq.br\/wp-content\/uploads\/2026\/02\/WhatsApp-Image-2026-02-19-at-15.14.15-473x1024.jpeg 473w, https:\/\/raquelvolpi.arq.br\/wp-content\/uploads\/2026\/02\/WhatsApp-Image-2026-02-19-at-15.14.15-709x1536.jpeg 709w\" sizes=\"auto, (max-width: 739px) 100vw, 739px\" \/><div class=\"wp-block-cover__inner-container is-layout-flow wp-block-cover-is-layout-flow\">\n<div class=\"wp-block-group is-content-justification-left is-layout-constrained wp-container-core-group-is-layout-1 wp-block-group-is-layout-constrained\"><\/div>\n<\/div><\/div>\n<\/div>\n\n\n\n<div class=\"wp-block-column is-layout-flow wp-block-column-is-layout-flow\">\n<h2 class=\"wp-block-heading has-large-font-size\" style=\"margin-bottom:32px\">Por que cheguei na Arquitetura Sustent\u00e1vel?<\/h2>\n\n\n\n<p style=\"margin-bottom:40px;font-size:1.125rem\">Cada projeto que crio nasce da leitura do lugar, do clima, da luz e do vento.<br>N\u00e3o \u00e9 sobre materiais bonitos ou tend\u00eancias passageiras: \u00e9 sobre <strong>respeitar o ambiente e gerar menos impacto<\/strong>.<\/p>\n\n\n\n<p>Escolhi a arquitetura consciente porque sei que <strong>cada constru\u00e7\u00e3o tem poder de transformar \u2014 ou degradar \u2014 o mundo \u00e0 nossa volta<\/strong>.<br>Minha pr\u00e1tica busca <strong>equilibrar t\u00e9cnica, estrat\u00e9gia e sensibilidade<\/strong>, criando espa\u00e7os que respiram, conectam e inspiram.<\/p>\n\n\n\n<p style=\"margin-bottom:40px;font-size:1.125rem\">Do jardim que refresca a sala ao p\u00f3rtico que se ergue em terra viva, cada decis\u00e3o \u00e9 autoral e consciente, refletindo <strong>uma arquitetura que respeita pessoas, natureza e futuro.<\/strong><\/p>\n\n\n\n<div class=\"wp-block-group is-layout-constrained wp-container-core-group-is-layout-5 wp-block-group-is-layout-constrained\" style=\"margin-bottom:48px\">\n<div class=\"wp-block-group is-nowrap is-layout-flex wp-container-core-group-is-layout-2 wp-block-group-is-layout-flex\">\n<figure class=\"wp-block-image size-full\"><img decoding=\"async\" src=\"https:\/\/raquelvolpi.arq.br\/wp-content\/themes\/ona\/assets\/img\/business\/ona_business_icon_check.svg\" alt=\"\" class=\"wp-image-290\"\/><\/figure>\n\n\n\n<p>Espa\u00e7os que melhoram a qualidade de vida todos os dias<\/p>\n<\/div>\n\n\n\n<div class=\"wp-block-group is-nowrap is-layout-flex wp-container-core-group-is-layout-3 wp-block-group-is-layout-flex\">\n<figure class=\"wp-block-image size-full\"><img decoding=\"async\" src=\"https:\/\/raquelvolpi.arq.br\/wp-content\/themes\/ona\/assets\/img\/business\/ona_business_icon_check.svg\" alt=\"\" class=\"wp-image-290\"\/><\/figure>\n\n\n\n<p>Conforto t\u00e9rmico e luminoso pensado para o bem-estar real<\/p>\n<\/div>\n\n\n\n<div class=\"wp-block-group is-nowrap is-layout-flex wp-container-core-group-is-layout-4 wp-block-group-is-layout-flex\">\n<figure class=\"wp-block-image size-full\"><img decoding=\"async\" src=\"https:\/\/raquelvolpi.arq.br\/wp-content\/themes\/ona\/assets\/img\/business\/ona_business_icon_check.svg\" alt=\"\" class=\"wp-image-290\"\/><\/figure>\n\n\n\n<p>Arquitetura sustent\u00e1vel como ferramenta de transforma\u00e7\u00e3o<\/p>\n<\/div>\n<\/div>\n<\/div>\n<\/div>\n<\/div>\n\n\n\n<p><\/p>\n\n\n\n<div class=\"wp-block-group alignfull has-background-light-background-color has-background is-layout-constrained wp-container-core-group-is-layout-7 wp-block-group-is-layout-constrained\" style=\"padding-top:68px\">\n<div class=\"wp-block-columns alignwide is-layout-flex wp-container-core-columns-is-layout-2 wp-block-columns-is-layout-flex\">\n<div class=\"wp-block-column is-style-ona-negative-offset-bottom is-layout-flow wp-block-column-is-layout-flow\">\n<figure data-wp-context=\"{&quot;imageId&quot;:&quot;69dfe072afb16&quot;}\" data-wp-interactive=\"core\/image\" class=\"wp-block-image size-full is-resized wp-lightbox-container\"><img loading=\"lazy\" decoding=\"async\" width=\"686\" height=\"861\" data-wp-class--hide=\"state.isContentHidden\" data-wp-class--show=\"state.isContentVisible\" data-wp-init=\"callbacks.setButtonStyles\" data-wp-on-async--click=\"actions.showLightbox\" data-wp-on-async--load=\"callbacks.setButtonStyles\" data-wp-on-async-window--resize=\"callbacks.setButtonStyles\" src=\"https:\/\/raquelvolpi.arq.br\/wp-content\/uploads\/2026\/01\/IMG-Raquel-1.png\" alt=\"\" class=\"wp-image-143\" style=\"width:475px;height:auto\" srcset=\"https:\/\/raquelvolpi.arq.br\/wp-content\/uploads\/2026\/01\/IMG-Raquel-1.png 686w, https:\/\/raquelvolpi.arq.br\/wp-content\/uploads\/2026\/01\/IMG-Raquel-1-239x300.png 239w\" sizes=\"auto, (max-width: 686px) 100vw, 686px\" \/><button\n\t\t\tclass=\"lightbox-trigger\"\n\t\t\ttype=\"button\"\n\t\t\taria-haspopup=\"dialog\"\n\t\t\taria-label=\"Aumentar imagem\"\n\t\t\tdata-wp-init=\"callbacks.initTriggerButton\"\n\t\t\tdata-wp-on-async--click=\"actions.showLightbox\"\n\t\t\tdata-wp-style--right=\"state.imageButtonRight\"\n\t\t\tdata-wp-style--top=\"state.imageButtonTop\"\n\t\t>\n\t\t\t<svg xmlns=\"http:\/\/www.w3.org\/2000\/svg\" width=\"12\" height=\"12\" fill=\"none\" viewBox=\"0 0 12 12\">\n\t\t\t\t<path fill=\"#fff\" d=\"M2 0a2 2 0 0 0-2 2v2h1.5V2a.5.5 0 0 1 .5-.5h2V0H2Zm2 10.5H2a.5.5 0 0 1-.5-.5V8H0v2a2 2 0 0 0 2 2h2v-1.5ZM8 12v-1.5h2a.5.5 0 0 0 .5-.5V8H12v2a2 2 0 0 1-2 2H8Zm2-12a2 2 0 0 1 2 2v2h-1.5V2a.5.5 0 0 0-.5-.5H8V0h2Z\" \/>\n\t\t\t<\/svg>\n\t\t<\/button><\/figure>\n<\/div>\n\n\n\n<div class=\"wp-block-column is-vertically-aligned-center is-layout-flow wp-block-column-is-layout-flow\">\n<h2 class=\"wp-block-heading is-style-ona-alt-font has-x-large-font-size\">Raquel Volpi<\/h2>\n\n\n\n<p>Formada em Arquitetura e Urbanismo pela PUCCAMP em 2000, e com p\u00f3s gradua\u00e7\u00e3o em Arquitetura Sustent\u00e1vel, \u00e9 colunista do site InBS- INSTITUTO BRASILEIRO DE SUSTENTABILIDADE e coordenadora de Projetos arquitet\u00f4nicos na Associa\u00e7\u00e3o de Taipeiros do Brasil- ABC Terra. A Arquiteta Raquel Volpi desde cedo se interessou em estabelecer uma concep\u00e7\u00e3o de projeto que fosse al\u00e9m do que o mercado pode oferecer. As pessoas se relacionam com o mundo e com o que o ser humano historicamente transformou nesse mundo. Pensando nisso, estudou a fundo m\u00e9todos construtivos ancestrais como, por exemplo, a taipa, e tamb\u00e9m as t\u00e9cnicas do uso racional dos recursos naturais. Por outro lado, aliou os recursos tecnol\u00f3gicos atuais para elevar a sabedoria ancestral a um novo patamar de conforto e qualidade de vida.<\/p>\n<\/div>\n<\/div>\n<\/div>\n\n\n\n<div class=\"wp-block-group ona-container is-layout-constrained wp-block-group-is-layout-constrained\">\n<div style=\"height:120px\" aria-hidden=\"true\" class=\"wp-block-spacer\"><\/div>\n\n\n\n<hr class=\"wp-block-separator has-text-color has-foreground-color has-css-opacity has-foreground-background-color has-background is-style-default\"\/>\n\n\n\n<p class=\"has-text-align-center has-foreground-color has-text-color has-medium-large-font-size\" style=\"line-height:1.3\"><em>\u201cO abrigo nasceu da terra crua e virou lar\u201d<\/em><\/p>\n\n\n\n<hr class=\"wp-block-separator has-text-color has-foreground-color has-css-opacity has-foreground-background-color has-background is-style-default\"\/>\n\n\n\n<div style=\"height:100px\" aria-hidden=\"true\" class=\"wp-block-spacer\"><\/div>\n<\/div>\n\n\n\n<div class=\"wp-block-group ona-container is-layout-constrained wp-container-core-group-is-layout-9 wp-block-group-is-layout-constrained\">\n<div style=\"height:60px\" aria-hidden=\"true\" class=\"wp-block-spacer\"><\/div>\n\n\n\n<div class=\"wp-block-columns is-layout-flex wp-container-core-columns-is-layout-3 wp-block-columns-is-layout-flex\">\n<div class=\"wp-block-column is-layout-flow wp-block-column-is-layout-flow\" style=\"padding-top:40px;padding-right:40px;padding-bottom:40px;padding-left:40px\"><\/div>\n\n\n\n<div class=\"wp-block-column is-layout-flow wp-block-column-is-layout-flow\" style=\"padding-top:40px;padding-right:40px;padding-bottom:40px;padding-left:40px\"><\/div>\n\n\n\n<div class=\"wp-block-column is-layout-flow wp-block-column-is-layout-flow\" style=\"padding-top:40px;padding-right:40px;padding-bottom:40px;padding-left:40px\"><\/div>\n<\/div>\n\n\n\n<div style=\"height:80px\" aria-hidden=\"true\" class=\"wp-block-spacer\"><\/div>\n<\/div>\n","protected":false},"excerpt":{"rendered":"<p>Por que cheguei na Arquitetura Sustent\u00e1vel? Cada projeto que crio nasce da leitura do lugar, do clima, da luz e do vento.N\u00e3o \u00e9 sobre materiais bonitos ou tend\u00eancias passageiras: \u00e9 sobre respeitar o ambiente e gerar menos impacto. Escolhi a arquitetura consciente porque sei que cada constru\u00e7\u00e3o tem poder de transformar \u2014 ou degradar \u2014 [&hellip;]<\/p>\n","protected":false},"author":1,"featured_media":0,"parent":0,"menu_order":0,"comment_status":"closed","ping_status":"closed","template":"","meta":{"footnotes":""},"class_list":["post-127","page","type-page","status-publish","hentry"],"_links":{"self":[{"href":"https:\/\/raquelvolpi.arq.br\/index.php\/wp-json\/wp\/v2\/pages\/127","targetHints":{"allow":["GET"]}}],"collection":[{"href":"https:\/\/raquelvolpi.arq.br\/index.php\/wp-json\/wp\/v2\/pages"}],"about":[{"href":"https:\/\/raquelvolpi.arq.br\/index.php\/wp-json\/wp\/v2\/types\/page"}],"author":[{"embeddable":true,"href":"https:\/\/raquelvolpi.arq.br\/index.php\/wp-json\/wp\/v2\/users\/1"}],"replies":[{"embeddable":true,"href":"https:\/\/raquelvolpi.arq.br\/index.php\/wp-json\/wp\/v2\/comments?post=127"}],"version-history":[{"count":7,"href":"https:\/\/raquelvolpi.arq.br\/index.php\/wp-json\/wp\/v2\/pages\/127\/revisions"}],"predecessor-version":[{"id":259,"href":"https:\/\/raquelvolpi.arq.br\/index.php\/wp-json\/wp\/v2\/pages\/127\/revisions\/259"}],"wp:attachment":[{"href":"https:\/\/raquelvolpi.arq.br\/index.php\/wp-json\/wp\/v2\/media?parent=127"}],"curies":[{"name":"wp","href":"https:\/\/api.w.org\/{rel}","templated":true}]}}